 + 7. Determine m(13).
-6
Let m(r) = -6*r - 26. Calculate m(-3).
-8
Let i(z) = z**2 + 19*z - 74. Determine i(-22).
-8
Let u(x) = -3*x**2 + 58. Give u(0).
58
Let x(p) = p**3 + 7*p**2 + 5*p - 6. Give x(-6).
0
Let r(o) = 6*o - 22. Give r(5).
8
Let k(x) = -x**3 - x**2 + x + 2. Calculate k(-4).
46
Let c(a) = -10*a - 21. What is c(-6)?
39
Let n(r) = r**2 - 17*r + 9. Give n(9).
-63
Let b(u) = -u**2 - 19*u + 42. Give b(-23).
-50
Let i(v) = -6*v + 9. Calculate i(6).
-27
Let j(s) = 2*s**2 - 10*s - 1. What is j(6)?
11
Let d(b) = -b**3 - 6*b**2 - 7*b - 10. Give d(-5).
0
Let y(i) = 7*i + 36. Give y(-6).
-6
Let d(y) = -y**3 - 4*y**2 + 1. Calculate d(-4).
1
Let q(x) = -6*x + 196. Determine q(33).
-2
Let t(x) = 3*x**2 + 2. What is t(3)?
29
Let m(o) = -13*o + 16. Give m(1).
3
Let y(p) = -p + 21. Calculate y(14).
7
Let b(x) = x**2 + 7*x - 10. Determine b(-6).
-16
Let q(x) = x**2 + 2*x + 9. Calculate q(-6).
33
Let s(b) = -3*b**3 + 2*b**2 - b + 2. Determine s(2).
-16
Let k(t) = t**2 - 5*t + 5. Determine k(7).
19
Let i(r) = -r**2 + 6*r + 59. Determine i(-5).
4
Let q(h) = -h**2 + 10*h - 22. Give q(6).
2
Let w(t) = t**3 - 7*t**2 + 2*t - 5. Determine w(7).
9
Let c(x) = 2*x - 14. Give c(-19).
-52
Let j(o) = -o**3 + 19*o**2 + 15*o - 33. Calculate j(20).
-133
Let o(u) = 3*u**2 + 8*u + 3. Determine o(-2).
-1
Let h(i) = -2*i**3 + 27*i**2 + 16*i - 15. Calculate h(14).
13
Let d(m) = -m**2 - 2*m - 2. What is d(0)?
-2
Let w(b) = -3*b**2 + 6*b + 6. Give w(5).
-39
Let l(f) = -84*f - 90. Give l(-1).
-6
Let t(w) = w**2 + 7*w - 10. Calculate t(-4).
-22
Let g(z) = -26*z - 412. Give g(-16).
4
Let q(l) = 12*l + 2. Give q(-2).
-22
Let d(q) = -8*q - 58. Calculate d(-9).
14
Let b(f) = -f**2 + 8. Calculate b(-4).
-8
Let w(q) = -q**2 - 7*q + 6. Give w(-6).
12
Let w(r) = -r**3 - 10*r**2 - 11*r - 12. What is w(-9)?
6
Let w(d) = -3*d**2 - 3*d + 5. Determine w(-5).
-55
Let o(t) = 2*t**2 - 8*t - 4. Give o(4).
-4
Let u(x) = x**2 - 46*x + 263. Give u(39).
-10
Let t(f) = -4*f + 16. Determine t(6).
-8
Let v(z) = -z**3 + 5*z**2 + 14*z + 14. Determine v(7).
14
Let w(l) = 5*l - 18. Calculate w(5).
7
Let f(c) = -14*c - 3. Give f(-1).
11
Let u(t) = 8*t - 7. Give u(-3).
-31
Let y(l) = 5*l**2 + 14*l - 1. Give y(-3).
2
Let h(z) = z**3 + z**2. Give h(0).
0
Let u(d) = 25*d - 15. Give u(3).
60
Let j(b) = 6*b + 23. Calculate j(-4).
-1
Let z(p) = -p**2 - 3*p + 117. Give z(9).
9
Let t(g) = -2*g**2 + 3*g - 8. Determine t(5).
-43
Let d(h) = 2*h**2 - 7*h - 2. What is d(4)?
2
Let s(v) = -3*v - 4. Give s(6).
-22
Let u(f) = -f**3 + f**2 - 2*f + 1. Determine u(-3).
43
Let n(z) = z**3 - 8*z**2 + 2*z + 21. Calculate n(5).
-44
Let h(y) = y**3 - 8*y**2 + 14. Give h(7).
-35
Let v(r) = -r**3 + 6*r**2 + 6. Calculate v(6).
6
Let x(y) = y**2 - 3. Give x(2).
1
Let g(h) = 8*h + 6. Give g(4).
38
Let o(h) = -h**2 - 24*h + 82. Determine o(-27).
1
Let z(x) = -x**2 + 13*x. Determine z(3).
30
Let t(i) = i**2 - 5*i - 24. Give t(-4).
12
Let x(n) = 4*n**3 - 34*n**2 - 17*n + 8. Give x(9).
17
Let k(i) = i**2 + 15*i + 52. What is k(-12)?
16
Let c(p) = p**2 - 33*p + 216. What is c(10)?
-14
Let m(b) = -b**3 + 7*b**2 + 12*b - 43. What is m(9)?
-97
Let x(c) = -3*c - 3. Determine x(7).
-24
Let t(p) = -p**3 - 15*p**2 + 14*p - 23. Give t(-16).
9
Let z(j) = -3*j + 9. Give z(8).
-15
Let o(z) = -6*z. Determine o(-5).
30
Let a(b) = 2*b**3 + 73*b**2 - 36*b + 36. Calculate a(-37).
-1
Let v(t) = t**2 - 18*t - 11. Determine v(18).
-11
Let l(h) = h**3 - 25*h**2 - 13. What is l(25)?
-13
Let g(q) = -3*q**2 + 5*q + 3. Give g(5).
-47
Let m(n) = n**2 - 8*n - 19. Calculate m(11).
14
Let u(t) = t**3 + 4*t**2 + t - 5. Determine u(-4).
-9
Let j(a) = -6*a + 26. Calculate j(3).
8
Let m(x) = x**3 + 14*x**2 + 4*x - 11. What is m(-14)?
-67
Let u(h) = -4*h - 142. What is u(-29)?
-26
Let f(l) = -2*l + 15. Determine f(6).
3
Let n(h) = -2*h**3 - 4*h**2 - 4*h - 4. Calculate n(-2).
4
Let r(j) = j**3 - 4*j**2 - 10*j + 11. Calculate r(6).
23
Let i(h) = -2*h - 59. Give i(-31).
3
Let l(o) = -o - 20. Calculate l(0).
-20
Let r(a) = a + 18. What is r(-10)?
8
Let b(j) = 7*j + 109. What is b(-17)?
-10
Let i(h) = -28*h**2 - 3*h - 3. Give i(-1).
-28
Let l(t) = -t**3 - 14*t**2 - 25*t + 12. Determine l(-12).
24
Let t(x) = -3*x**2 - 46*x - 149. What is t(-11)?
-6
Let z(i) = -i**2 - 15*i - 4. Calculate z(-6).
50
Let r(g) = -5*g + 1. Give r(-2).
11
Let z(g) = 8*g + 132. Give z(-12).
36
Let y(w) = w**3 + 5*w**2 + w - 4. Calculate y(-4).
8
Let p(m) = -m**3 - 10*m**2 + 11*m + 2. Determine p(-11).
2
Let b(u) = -4*u**3 + 51*u**2 + 15*u - 24. Determine b(13).
2
Let b(h) = 3*h - 1. What is b(-6)?
-19
Let w(l) = l**2 + 2*l - 3. Give w(1).
0
Let w(d) = -d**3 + 21*d**2 - 38*d - 13. What is w(19)?
-13
Let m(i) = -5*i - 32. What is m(-6)?
-2
Let a(k) = 51*k**2 - 2*k - 2. Calculate a(-1).
51
Let v(a) = a**3 + 2*a**2 - 16*a - 5. Give v(-5).
0
Let n(j) = 2*j**3 + 8*j**2 - 20*j - 4. Calculate n(-5).
46
Let d(w) = -14*w - 17. Calculate d(7).
-115
Let f(s) = s**3 - 7*s**2 + 4*s + 6. Determine f(6).
-6
Let v(x) = -2*x + 9. Give v(8).
-7
Let c(p) = -p**3 + 4*p**2 - 6*p + 5. Determine c(3).
-4
Let y(u) = -u**3 + 29*u**2 - 27*u - 65. Calculate y(28).
-37
Let i(h) = h**3 + 5*h**2 - h + 17. Give i(-5).
22
Let i(r) = -2*r + 7. Calculate i(7).
-7
Let b(z) = z**3 - 10*z**2 + 12*z - 18. Give b(9).
9
Let l(o) = -36*o + 15. What is l(-2)?
87
Let l(b) = 3*b + 4. What is l(-2)?
-2
Let r(u) = 2*u**2 - 26*u + 76. What is r(6)?
-8
Let l(j) = j**3 + j**2 - 1. Calculate l(0).
-1
Let c(a) = -a**2 + 2*a + 5. Give c(4).
-3
Let l(y) = y**3 + 36*y**2 + 35*y + 18. Determine l(-35).
18
Let r(v) = v**2 + 10*v + 6. Calculate r(-10).
6
Let c(p) = 17*p**2 - 30*p + 2. Determine c(2).
10
Let x(r) = -r**3 - 7*r**2 - 8*r + 7. Calculate x(-4).
-9
Let c(r) = -17*r - 126. Determine c(-7).
-7
Let q(l) = -l**2 + 10*l + 8. What is q(11)?
-3
Let r(i) = 2*i**3 + 3*i**2 - i - 1. What is r(1)?
3
Let c(d) = d**2 + 11*d - 5. Determine c(-12).
7
Let t(w) = -16*w + 1447. What is t(90)?
7
Let s(u) = -3*u + 11. Give s(3).
2
Let w(r) = -7*r**2. Determine w(-1).
-7
Let b(x) = 2*x + 15. What is b(-7)?
1
Let y(k) = 3*k**2 - k + 3. Determine y(0).
3
Let j(k) = k**3 - 7*k**2 - 11*k + 7. Calculate j(8).
-17
Let w(y) = 12*y + 123. Determine w(-7).
39
Let c(b) = -3*b**2 - 6*b + 14. What is c(-7)?
-91
Let h(x) = -3*x + 1. Calculate h(-3).
10
Let n(v) = 118*v**3 - 3*v**2 + 4*v - 1. Calculate n(1).
118
Let k(o) = -o**3 - 12*o**2 - 10*o - 1. Determine k(-11).
-12
Let l(q) = -3*q - 5. Calculate l(-5).
10
Let h(o) = o**2 - 20*o - 7. Determine h(0).
-7
Let k(p) = 9*p + 57. Calculate k(-11).
-42
Let d(b) = -2*b + 27. What is d(-7)?
41
Let u(b) = b**3 + 7*b**2 + 2. Calculate u(-7).
2
Let o(g) = g. Determine o(7).
7
Let m(h) = -15*h + 3. Give m(1).
-12
Let b(t) = -t**3 + 5*t**2 + 12. Determine b(5).
12
Let q(f) = -f**3 + 5*f**2 + f + 10. Determine q(6).
-20
Let c(m) = 7*m + 66. What is c(-9)?
3
Let s(i) = -4*i - 49. Calculate s(-21).
35
Let k(t) = 2*t**3 + 17*t**2 - 8*t + 1. Calculate k(-9).
-8
Let d(v) = 6*v**3 + 2*v**2 + 23*v + 24. Determine d(-1).
-3
Let j(w) = -w**3 - 4*w**2 + 6*w + 12. Calculate j(-5).
7
Let a(z) = -z**2 + 9*z - 11. Calculate a(6).
7
Let z(d) = 2*d**2 - 13*d - 8. Give z(10).
62
Let l(m) = -4*m**2 - 20*m - 7. Calculate l(-5).
-7
Let w(v) = v**2 - 6*v - 4. Give w(6).
-4
Let n(j) = j**3 + j**2 + 1. What is n(-2)?
-3
Let g(n) = n**2 + 16*n + 59. Give g(-11).
4
Let g(w) = -w**2 + 15*w - 49. What is g(10)?
1
Let c(k) = 10*k**2 + 5*k - 10. Determine c(5).
265
Let b(o) = -o - 12. What is b(-6)?
-6
Let g(p) = p**3 - 12*p**2 + 13*p + 3. Give g(10).
-67
Let t(c) = c**2 + 21*c + 27. Determine t(-18).
-27
Let w(u) = -2*u - 16. Determine w(-7).
-2
Let z(t) = -t**2 + 16*t + 18. Determine z(17).
1
Let y(k) = 2*k**3 + 23*k**2 + 10*k - 15. Determine y(-11).
-4
Let p(i) = i**3 - 24*i**2 + 22*i + 41. Calculate p(23).
18
Let u(z) = -2*z + 25. Give u(10).
5
Let o(r) = -r**3 - 7*r**2 + 9*r - 6. Give o(-8).
-14
Let s(b) = -16*b + 182. Calculate s(12).
-10
Let b(p) = 2*p**2 + 10*p + 3. Give b(-4).
-5
Let a(g) = g**3 + 6*g**2 + 9*g + 13. Calculate a(-4).
9
Let i(n) = 4*n - 125. Calculate i(32).
3
Let j(k) = -k**2 + 12*k - 16. What is j(8)?
16
Let z(u) = u**2 + 12*u + 36. What is z(-5)?
1
Let g(b) = -2*b**2 - 28*b - 6. Determine g(-13).
20
Let v(y) = y - 14. What is v(-6)?
-20